 -135 + 13035?
12600
In base 7, what is 34464 - -4?
34501
In base 6, what is 334021 - -105?
334130
In base 7, what is 120164 + -2?
120162
In base 10, what is 6 - -3786?
3792
In base 8, what is -1346161 - 2?
-1346163
In base 16, what is 1fbf4 + 5?
1fbf9
In base 2, what is -1000001 + -1000010010100?
-1000011010101
In base 6, what is 0 + -31013043?
-31013043
In base 13, what is 362 - 57a?
-218
In base 3, what is 1000120002 + -12?
1000112220
In base 2, what is 11010000 + 100010?
11110010
In base 15, what is 3c3 + 103?
4c6
In base 13, what is -1958 - -9b?
-188a
In base 10, what is 0 - -80193?
80193
In base 10, what is -19620 - 271?
-19891
In base 11, what is -15980 - -18?
-15963
In base 16, what is -4 + -28a0?
-28a4
In base 8, what is -3 - -102465?
102462
In base 3, what is -20 - -1001211221021?
1001211221001
In base 11, what is -224060 - -1?
-22405a
In base 15, what is -16c0 - e?
-16ce
In base 16, what is -f4 + 749?
655
In base 2, what is -1011011011011000110 - 11?
-1011011011011001001
In base 9, what is -20 - 6518?
-6538
In base 11, what is 41 - 7334?
-72a3
In base 11, what is 180361 + -9?
180353
In base 16, what is -c - 3fe?
-40a
In base 9, what is -7311 - 123?
-7434
In base 15, what is -119db2 - 8?
-119dba
In base 5, what is 34 - 12110?
-12021
In base 2, what is -111110111110 - 1011011?
-1000000011001
In base 15, what is -2e5513 + 1?
-2e5512
In base 13, what is 4348 - -9?
4354
In base 8, what is 1103200 - 2?
1103176
In base 4, what is -1311130 + -23?
-1311213
In base 12, what is 16884 - 5?
1687b
In base 10, what is -5 + -7230?
-7235
In base 15, what is -5 - 4758?
-475d
In base 9, what is 3482 - 0?
3482
In base 16, what is 1b08 + -1c?
1aec
In base 5, what is 1220 - -1230000?
1231220
In base 16, what is 650 + 6?
656
In base 5, what is 1131 + -13421?
-12240
In base 9, what is -427 + 267?
-150
In base 9, what is -738 + 124?
-614
In base 8, what is 105 + 1155?
1262
In base 16, what is 78d + 1?
78e
In base 6, what is -151054 - -12?
-151042
In base 9, what is 3221 + -274?
2836
In base 3, what is -12112001211 + -10?
-12112001221
In base 9, what is -48806 - -74?
-48722
In base 13, what is -2 - 17c40?
-17c42
In base 9, what is 368217 + -4?
368213
In base 4, what is 100 - -1000002120?
1000002220
In base 9, what is -5 - 3860436?
-3860442
In base 11, what is 6210 + -3a?
6181
In base 2, what is 1001 + 10011100100100?
10011100101101
In base 10, what is 5515 + -80?
5435
In base 13, what is -1 - -1bb79?
1bb78
In base 3, what is 10011101110 - 10?
10011101100
In base 4, what is -20222032023 - -10?
-20222032013
In base 12, what is 140aa39 + -4?
140aa35
In base 11, what is -56 + 129?
83
In base 16, what is -a4 + 8d3?
82f
In base 12, what is 1 - 3b9b?
-3b9a
In base 2, what is -1011101101101000110 + -11?
-1011101101101001001
In base 16, what is 5df8 + 5?
5dfd
In base 11, what is 23 + 3a7?
41a
In base 12, what is -a9723 - -4?
-a971b
In base 7, what is -101340 + 25?
-101312
In base 14, what is -3 + 162d0b?
162d08
In base 3, what is 1012000211 + -2?
1012000202
In base 9, what is 150177 + 25?
150213
In base 7, what is 11 - 3325?
-3314
In base 8, what is 631 - 5620?
-4767
In base 5, what is 43 + -101?
-3
In base 4, what is -11 - 223110130?
-223110201
In base 7, what is -325 - 112?
-440
In base 2, what is -110 + -100011011011110?
-100011011100100
In base 9, what is -664 - 235?
-1010
In base 11, what is 4 + -1756?
-1752
In base 12, what is 5 + 2a8489?
2a8492
In base 5, what is 121322 - 201?
121121
In base 9, what is -3 + -67553?
-67556
In base 16, what is -1 - -11f8a?
11f89
In base 4, what is -233 + -12120003?
-12120302
In base 12, what is 2 + -57?
-55
In base 8, what is -1425044 + 3?
-1425041
In base 16, what is -25a2f - f?
-25a3e
In base 3, what is 21121 - 1000020?
-201122
In base 10, what is 7 - -144852?
144859
In base 2, what is -1010011111001100 - 101?
-1010011111010001
In base 4, what is 32211011 + 0?
32211011
In base 6, what is 4 - -13142134?
13142142
In base 12, what is 86 + -155?
-8b
In base 10, what is 29 - 33283?
-33254
In base 10, what is 2 - 277881?
-277879
In base 7, what is 2 + 31230?
31232
In base 14, what is ad + 13?
c2
In base 16, what is -3a61 + -26?
-3a87
In base 10, what is -139303 - 1?
-139304
In base 6, what is -15 - 52230?
-52245
In base 15, what is 46 + -e2e?
-dd8
In base 6, what is 25250313 - -5?
25250322
In base 14, what is 2 + -10bd?
-10bb
In base 2, what is -11111 - 1110001001001?
-1110001101000
In base 14, what is 22bb1 + 5?
22bb6
In base 14, what is -34c - 160?
-4ac
In base 6, what is -40152254 - 2?
-40152300
In base 2, what is 10101001101110100 + 11?
10101001101110111
In base 7, what is 1040 + 2330?
3400
In base 7, what is 4 - -202461?
202465
In base 14, what is 2 - -4191?
4193
In base 14, what is 70 - 6a?
4
In base 7, what is -5 - -464625?
464620
In base 16, what is 19505 + 2?
19507
In base 2, what is -1011100010011 + 1110?
-1011100000101
In base 14, what is 432b + -19?
4312
In base 7, what is 4 - -245064?
245101
In base 16, what is 8 - 4afdc?
-4afd4
In base 14, what is 150 + 205?
355
In base 13, what is -38 + -2ba5?
-2c10
In base 3, what is 12121210 + -20?
12121120
In base 3, what is 10 - -1022212?
1022222
In base 3, what is 1221000111 - 1?
1221000110
In base 15, what is -7411 + -35?
-7446
In base 7, what is 634 + 104?
1041
In base 14, what is -12689 - -1?
-12688
In base 15, what is -851 + -1ce?
-a30
In base 2, what is -111111 + -10010101010?
-10011101001
In base 16, what is 66a91 - -4?
66a95
In base 6, what is 3 + 55132?
55135
In base 5, what is -34112 + 43?
-34014
In base 9, what is -178 + 113?
-65
In base 7, what is -3105 + -313?
-3421
In base 11, what is 5 - -1a32a9?
1a3303
In base 10, what is -20 - -16591?
16571
In base 14, what is 294 + 4?
298
In base 5, what is -1434 + -2041?
-4030
In base 3, what is 2010102122001 - -1?
2010102122002
In base 16, what is 2cc6 - -1e?
2ce4
In base 11, what is -3 + a6a00?
a69a8
In base 8, what is -636 - 12201?
-13037
In base 8, what is -2267 + 1225?
-1042
In base 16, what is -e1e + b?
-e13
In base 2, what is 10100 - -10001000010001000?
10001000010011100
In base 6, what is 41 - 1255?
-1214
In base 3, what is 10 + 21220?
22000
In base 4, what is 1 + -12300332?
-12300331
In base 15, what is -649 + -98?
-6e2
In base 15, what is -1 + 4b36?
4b35
In base 2, what is 1011111 + 1000100100?
1010000011
In base 10, what is -617537 - -1?
-617536
In base 14, what is -2721 - 0?
-2721
In base 14, what is 27d + 26?
2a5
In base 16, what is -df79 + -3?
-df7c
In base 11, what is -3 - 11641?
-11644
In base 13, what is 280 - -52?
302
In base 6, what is -225140134 - -4?
-225140130
In base 8, what is -56523 - 12?
-56535
In base 13, what is 64c + 9?
658
In base 13, what is 2c38 + -b2?
2b56
In base 8, what is 2 - 347324?
-347322
In base 3, what is -11112212211 - 11?
-11112212222
In base 5, what is 10340 - 203?
10132
In base 9, what is 576 + -177?
388
In base 15, what is 2ea3 + 2?
2ea5
In base 10, what is 3 - 173635?
-173632
In base 3, what is 211200 - -1101?
220001
In base 11, what is -6417 + 3?
-6414
In base 8, what is -10515 - 14?
-10531
In base 11, what is -6883232 + -1?
-6883233
In base 6, what is 21514 + 44?
22002
In base 7, what is 3 - -503223?
503226
In base 6, what is 23402 - -25?
23431
In base 14, what is -7a7c0 + -4?
-7a7c4
In base 7, what is 2346 + 5263?
10642
In base 2, what is -11011 - -1010011010111?
1010010111100
In base 5, what is -23420010 - 10?
-23420020
In base 11, what is 13 + 1a16?
1a29
In base 13, what is 779679 - 1?
779678
In base 10, what is 5 - -2136?
2141
In base 13, what is -2 - 172089?
-17208b
In base 8, what is -14425 - 513?
-15140
In base 13, what is -35 - 161?
-196
In base 12, what is -1577 + 0?
-1577
In base 6, what is 1232 - -113251?
114523
In base 8, what is -4322407 + 3?
-4322404
In base 6, what is 4354 + 2244?
11042
In base 9, what is -116 + -378?
-505
In base 14, what is 1 + -3497?
-3496
In base 7, what is 3 - -32041?
32044
In base 3, what is -2010110100 + -2?
-2010110102
In base 15, what is -52ad2 + 4?
-52acd
In base 8, what is 35020 - -5?
35025
In base 9, what is 810 + 212?
1122
In base 10, what is -144 - 408?
-552
In base 16, what is 26 - 187?
-161
In base 15, what is -b + -48?
-54
In base 3, what is 1 - -222011102?
222011110
In base 12, what is a + b65?
b73
In base 2, what is 0 + 10100